 the prime factors of i.
2, 11
Suppose -4*g - 3 = -2*g - k, -k = 1. Let s be -2*g/8*0. Suppose -3*u - 12 + 150 = s. List the prime factors of u.
2, 23
What are the prime factors of (-135 + -14)/((-2)/8)?
2, 149
Let n = -18 - -20. Suppose -4*y = -5*z - 273 + 49, -86 = n*z + 2*y. Let l = -22 - z. What are the prime factors of l?
2, 11
Suppose 5*v + 65 = 2*r - 4*r, 5*r + 115 = -3*v. Let y = r - -22. Suppose -4*n + 123 = 3*z, y*n - 3*z - 12 = 27. What are the prime factors of n?
3
Suppose 0 = -5*d - 10, 0 = 3*b - 5*b + d + 20. Suppose b*y = 5*y + 1212. List the prime factors of y.
3, 101
Let t = -1808 - -3317. What are the prime factors of t?
3, 503
Let a(c) = 14*c - 16. Let f be (-12)/64*-4*-4. Let p be 4*(f/4 + 2). List the prime factors of a(p).
2, 3
What are the prime factors of (-16)/40 - (-1 + (-70885)/25)?
2, 709
Suppose 4*c - 113 = -105. What are the prime factors of (c/6)/((-4)/(-1236))?
103
Let y = 318 - 256. List the prime factors of y.
2, 31
Let z = -18 - -22. Suppose 0*f + 4*g - 1194 = -5*f, 0 = 2*f + z*g - 468. Suppose 8*t - f = 190. List the prime factors of t.
2, 3
Suppose -6*j = -4*y - 3*j + 15, -25 = 5*y + 5*j. Let g(d) = d + 3. Let x be g(y). Suppose 5*p = 4*i + 90, -x*p + 2*i + 34 = -p. What are the prime factors of p?
2, 11
Let n = 449 - 212. List the prime factors of n.
3, 79
Let m = -121 - -119. List the prime factors of m/(-7 - -10 - (-794)/(-264)).
2, 3, 11
Let z(c) be the first derivative of 3*c**2 - 5*c**2 - 7 + 0*c**2 - 2*c + 5. What are the prime factors of z(-6)?
2, 11
Let j be (5 + 1)/(16/40). Suppose -31 - j = -h. Suppose 0*z + z - h = 0. List the prime factors of z.
2, 23
Let n(r) = 0 - 6 + 17*r + 12*r. List the prime factors of n(2).
2, 13
Let x(k) = 396*k**2 + 28*k - 106. What are the prime factors of x(3)?
2, 7, 11, 23
Suppose -22350 = -197*c + 187*c. What are the prime factors of c?
3, 5, 149
Let z = -8 + -14. Let v = 18 + z. List the prime factors of ((-174)/(-15))/(v/(-10)).
29
List the prime factors of (-19268)/(-3) - (-38)/114.
3, 2141
Suppose 0 = -3*q + 6004 - 1909. Suppose 6*l = 11*l + q. What are the prime factors of l/(-12) + (-3)/4?
2, 11
Let w(a) = -a + 7. Let d be w(4). List the prime factors of (d/12)/((-2)/(-376)).
47
Let y(a) = a**2 - 2*a - 6. Let v be (57/(-38))/((-1)/(-2)). What are the prime factors of y(v)?
3
Let m be (-3 - 2*-3) + 3. Suppose 18*x - 15*x - m = 0. Suppose 0 = -x*d + 10 + 10. What are the prime factors of d?
2, 5
Let p(k) = 15*k**2 + 39*k + 255. What are the prime factors of p(-6)?
3, 11, 17
Suppose -a - 4 = 2*a - 5*f, -3*a = -2*f - 2. What are the prime factors of ((-7)/2)/(a*(-3)/228)?
7, 19
Let n be 3/5*(-7)/(14/(-20)). List the prime factors of 72*(n/(-6) - (-11)/3).
2, 3
Let x(l) = 5*l - l**2 - 15*l - 8 - 9 - 4. List the prime factors of x(-6).
3
Let k(a) be the first derivative of 5*a**2/2 + 3*a + 10. Let h be k(13). Suppose 6*c = 4*c + h. List the prime factors of c.
2, 17
Let a(q) = q**2 + 11*q + 5. Let s be a(-10). Let x be (8/(-6))/(s/15). Let d(j) = 2*j**2 - 5*j. List the prime factors of d(x).
2, 3
List the prime factors of ((-208)/3)/((-9)/(405/6)).
2, 5, 13
Let x(a) = 9*a**2 + 80*a - 43. Let g(l) = 3*l**2 + 27*l - 14. Let s(o) = -8*g(o) + 3*x(o). List the prime factors of s(-11).
2, 41
Let y(r) = r**3 - 28*r**2 + 68*r - 27. What are the prime factors of y(26)?
389
Suppose -115*x - 192720 = -163*x. List the prime factors of x.
5, 11, 73
Let f(r) = r**2 + r - 8. Let u(q) = -3*q**2 - 3*q + 17. Let j = -15 - -10. Let s(b) = j*f(b) - 2*u(b). What are the prime factors of s(5)?
2, 3
Suppose -t - 4*t + w = -61, -5*w = -4*t + 53. Let r(x) = x + 10. Let b(o) = -o - 10. Let m(i) = 3*b(i) + 4*r(i). What are the prime factors of m(t)?
2, 11
Suppose b - 98 = 8*b. List the prime factors of (b/35)/(2/(-190)).
2, 19
Let a = -52 - -49. Let n be 0/(4*1 - 2). List the prime factors of n + (-12)/9*a.
2
Let v(j) = j**2 + 7*j + 7. Let x(i) = 5*i**2 + 29*i + 28. Let d(a) = -9*v(a) + 2*x(a). List the prime factors of d(-5).
43
Suppose -4*v - b + 1651 = 0, 4*v + 0*v - 1641 = -3*b. Suppose 25*f = 27*f - v. List the prime factors of f.
3, 23
Let d = 9 - 6. Let m(f) = -d - 1 + 3 + 6*f. What are the prime factors of m(4)?
23
Let y = 52 + -35. Suppose -11 = -4*r - 3*p + y, -34 = -3*r + p. List the prime factors of r.
2, 5
Let i(n) = -15 + 13 - 10 - 4*n + 34*n**2. List the prime factors of i(-2).
2, 3, 11
List the prime factors of ((-6276)/72)/((-3)/18).
523
Let g = -35 - -363. What are the prime factors of g?
2, 41
Let q(g) = 2*g**2 - 20*g + 49. What are the prime factors of q(21)?
7, 73
Suppose -955 = 5*i - 95. List the prime factors of (2 - i/6)/(2/6).
2, 23
Suppose p + 6 + 2 = 0. Let q be p/(-4) + (-4)/(-2). Suppose -q*r - 64 = 4*b - 8*b, 2*b - 23 = 5*r. What are the prime factors of b?
19
Suppose -5*z - 154 = -2*z - 2*v, z - 4*v + 68 = 0. Let m = z + 82. What are the prime factors of m?
2, 17
Let c(r) = 4*r**3 + r - 4*r**2 - r**2 + 29 - 25. What are the prime factors of c(3)?
2, 5, 7
Let v be 5/5 - (-4)/2. Suppose -4*a = y + 3 - 1, 0 = y + 5*a. List the prime factors of (y/v)/(2/(-9)).
3, 5
Let p = 61 - 6. Let f = p + 100. What are the prime factors of f?
5, 31
Let r = -43 + 37. What are the prime factors of 1*53 - ((-6)/r + 1)?
3, 17
List the prime factors of 1283 + 20 + -20 + 0 + 1.
2, 3, 107
Let m(u) = -4*u**3 + 9*u**2 - 35. What are the prime factors of m(-8)?
3, 863
Let o = -46 + 48. What are the prime factors of (5*28/175)/(o/290)?
2, 29
Let c(i) = -7*i - 5 + 10*i**2 - 22*i**2 + 0*i + 11*i**2. Let r be c(-5). Suppose r*w = 67 + 163. What are the prime factors of w?
2, 23
Let i(u) = -2156*u**3 - 2*u**2 - 2*u. Let r be i(-1). Suppose r - 308 = 12*l. List the prime factors of l.
2, 7, 11
Suppose 2*i + 126 = -4*b, 3*i + 205 = 3*b - b. Let m = i - -133. What are the prime factors of m?
2, 3, 11
Let l(k) = -k**2 - 12*k + 15. Let g(t) = 8*t**2. Let q be g(-1). Let d(v) = -v - 3. Let i be d(q). What are the prime factors of l(i)?
2, 13
Let d = 14 + -9. List the prime factors of 8/(d/(3 - -42)).
2, 3
List the prime factors of ((-1 - 5) + 8)/((-4)/(-1698)).
3, 283
Suppose -5*s = -x, 5*s = 2*x - 0*x - 5. Suppose 30 = 4*m - 126. Suppose x*y - 59 = -5*g + 2*y, -3*g - 3*y = -m. List the prime factors of g.
2, 5
Let r(m) = -m**3 + 3*m - 5 + 7 + m + 15*m**2 + 11. List the prime factors of r(15).
73
Let q = 2407 - 432. List the prime factors of q.
5, 79
List the prime factors of 2260*(1 - -1*(4 - 3)).
2, 5, 113
Let q be (-2*(-81)/4)/(25/50). Suppose 3*t = -0*t + q. What are the prime factors of t?
3
Suppose 0 = 2*z - m - 1438, -5*z + 3*m = -2*m - 3585. Suppose -z = -3*u - 4*u. Let w = -50 + u. What are the prime factors of w?
53
Let v = 42 + -122. List the prime factors of 5/(v/4)*-268.
67
Let i(o) = 77*o - 117. What are the prime factors of i(8)?
499
Suppose 5*v + 2*v = 49. Let d(o) = o**2 - o - 13. What are the prime factors of d(v)?
29
Let p(l) = -l + 1. Let m be p(0). What are the prime factors of ((-3)/15 + 2)/(m/115)?
3, 23
Suppose 16*k + 212 = 20*k. Suppose -m = -k - 3. List the prime factors of m - (2 - -2)*-1.
2, 3, 5
Let g = -59 - -68. What are the prime factors of 10*2*g/4?
3, 5
Let a(p) = -236*p + 21. What are the prime factors of a(-2)?
17, 29
Let t(c) = -33*c + 246. What are the prime factors of t(-35)?
3, 467
Suppose -5*w = -g - 15 + 2, -3 = 3*g - 3*w. Suppose g*h - 9*h - 28 = 0. What are the prime factors of (h + 2 + -4)*-10?
2, 3, 5
Let s = 386 + -68. List the prime factors of s.
2, 3, 53
Let t(h) = 22*h + 19. List the prime factors of t(5).
3, 43
Let f be (-2)/4 - (-894)/12. Suppose 0 = 4*g - f + 18. Let d(b) = 2*b + 3. List the prime factors of d(g).
31
What are the prime factors of (100775/(-58))/(3/(-6))?
5, 139
Let d(u) = -87*u - 10. Let r be d(2). Let q = 347 + r. What are the prime factors of q?
163
Let w be 1/(-4) - 77/28. List the prime factors of ((-6)/(-8))/(w/(-312)).
2, 3, 13
Suppose -z + 2 = z. Suppose 0 = -y + 4*k + 17, y + 0 = -2*k - z. Suppose -y*g = 2*j - 25, -6*j + 22 = -j - g. List the prime factors of j.
5
Let x(d) = 2*d**2 - 2*d - 8*d + 4*d - 3*d + 43. What are the prime factors of x(8)?
3, 11
Suppose 0 = -p - 8 - 32. Let k = 68 - 95. List the prime factors of k/(-18)*p/(-6).
2, 5
Suppose -z + l = 13, -3*z + 0*z - 2*l - 34 = 0. Let k = z - -14. List the prim